{"id":246,"date":"2025-09-01T14:41:50","date_gmt":"2025-09-01T12:41:50","guid":{"rendered":"https:\/\/gaviaspreview.com\/wp\/welowe\/?post_type=product&#038;p=246"},"modified":"2025-09-18T19:35:39","modified_gmt":"2025-09-18T17:35:39","slug":"konferencja2025","status":"publish","type":"product","link":"https:\/\/brfh.eu\/index.php\/product\/konferencja2025\/","title":{"rendered":"Konferencja &#8211; B\u00f3g Rodzina Firma Hojno\u015b\u0107"},"content":{"rendered":"<p>Darowizna na organizacj\u0119 konferencji upowa\u017cniaj\u0105ca do udzia\u0142u 1 osoby<\/p>\n<div class=\"row margin-bottom-20\">\n<div class=\"col-6\"><img decoding=\"async\" class=\"alignnone size-full wp-image-8812\" src=\"\/uploads\/2023\/01\/image-10.jpg\" alt=\"\" \/><\/div>\n<div class=\"col-6\"><img decoding=\"async\" class=\"alignnone size-full wp-image-8811\" src=\"\/uploads\/2023\/01\/image-11.jpg\" alt=\"\" \/><\/div>\n<\/div>\n<h3>O Konferencji<\/h3>\n<ul class=\"feature-list\">\n<li>\n<h4>Konferencja <strong>B\u00f3g, Rodzina, Firma, Hojno\u015b\u0107<\/strong>\u00a0to przestrze\u0144, w kt\u00f3rej ka\u017cdy przedsi\u0119biorca mo\u017ce znale\u017a\u0107 inspiracj\u0119, wsparcie i praktyczne narz\u0119dzia do budowania lepszej przysz\u0142o\u015bci \u2013 nie tylko dla swojej firmy, ale tak\u017ce dla ca\u0142ej spo\u0142eczno\u015bci. To wyj\u0105tkowe wydarzenie, kt\u00f3re pomaga odkry\u0107, \u017ce prawdziwy sukces mierzy si\u0119 nie tylko wynikami finansowymi, ale przede wszystkim warto\u015bci\u0105 dodan\u0105, jak\u0105 przynosimy otoczeniu.<\/h4>\n<\/li>\n<\/ul>\n","protected":false},"excerpt":{"rendered":"<p>Dotacja umo\u017cliwia udzia\u0142 w dwudniowej konferencji pt. &#8220;Biznes S\u0142u\u017cb\u0105 Bogu w Praktyce&#8221;<\/p>\n","protected":false},"featured_media":653,"template":"","meta":{"give_campaign_id":0},"product_brand":[],"product_cat":[53],"product_tag":[49,51,52,48,50],"class_list":{"0":"post-246","1":"product","2":"type-product","3":"status-publish","4":"has-post-thumbnail","6":"product_cat-konferencja","7":"product_tag-bog","8":"product_tag-firma","9":"product_tag-hojnosc","10":"product_tag-konferencja","11":"product_tag-rodzina","13":"first","14":"instock","15":"virtual","16":"purchasable","17":"product-type-simple"},"jetpack_sharing_enabled":true,"_links":{"self":[{"href":"https:\/\/brfh.eu\/index.php\/wp-json\/wp\/v2\/product\/246","targetHints":{"allow":["GET"]}}],"collection":[{"href":"https:\/\/brfh.eu\/index.php\/wp-json\/wp\/v2\/product"}],"about":[{"href":"https:\/\/brfh.eu\/index.php\/wp-json\/wp\/v2\/types\/product"}],"wp:featuredmedia":[{"embeddable":true,"href":"https:\/\/brfh.eu\/index.php\/wp-json\/wp\/v2\/media\/653"}],"wp:attachment":[{"href":"https:\/\/brfh.eu\/index.php\/wp-json\/wp\/v2\/media?parent=246"}],"wp:term":[{"taxonomy":"product_brand","embeddable":true,"href":"https:\/\/brfh.eu\/index.php\/wp-json\/wp\/v2\/product_brand?post=246"},{"taxonomy":"product_cat","embeddable":true,"href":"https:\/\/brfh.eu\/index.php\/wp-json\/wp\/v2\/product_cat?post=246"},{"taxonomy":"product_tag","embeddable":true,"href":"https:\/\/brfh.eu\/index.php\/wp-json\/wp\/v2\/product_tag?post=246"}],"curies":[{"name":"wp","href":"https:\/\/api.w.org\/{rel}","templated":true}]}}